3 - (-1 - -10)). Let i be f(d). Let m = -26 - i. What are the prime factors of m?
2, 3
Let f(v) = 8*v**2 - 36*v - 17. What are the prime factors of f(-14)?
3, 5, 137
Let h(p) = -p**2 - 6*p - 9. Let t be h(-3). Suppose t = 5*k - 2*k - 324. List the prime factors of k.
2, 3
Suppose 232 = -b - 3*s, 2*b + b - 4*s = -761. Let y = 375 + b. List the prime factors of y.
2
Let n(o) be the second derivative of 181*o**5/20 - o**4/12 + o**2/2 + 11*o. What are the prime factors of n(1)?
181
Suppose 2*m + 250 = 2*x, 0 = 9*x - 6*x + 4*m - 382. List the prime factors of x.
2, 3, 7
Suppose -2*j = -6*j + 12, -z + 3*j + 47 = 0. What are the prime factors of (756/z)/((-6)/(-56))?
2, 3, 7
Let g(b) = 4*b**2 - 39 + 33 + 3*b**3 - 5*b - 2*b**3. Let h be g(-5). Let t = h - -21. List the prime factors of t.
3, 5
Let y = 147 + 68. Let x = 310 - y. What are the prime factors of x?
5, 19
Let w(r) = -14*r**3 + 4*r**2 + 6*r + 2. Let q be w(-2). Let a = 97 - 157. Let d = a + q. What are the prime factors of d?
2, 29
Let i(l) = 2 - l**2 - 2*l + 6*l - l - 13*l**3 + 0. List the prime factors of i(-2).
2, 3
Suppose -11*s - 2021 = -2*z - 16*s, 5*z + 4*s = 5010. What are the prime factors of z?
2, 499
Let p(k) be the first derivative of k**4/4 + 14*k**3/3 - k**2/2 - 5*k + 10. Let n be p(-14). What are the prime factors of 435/9 + 6/n?
7
Suppose 3*o = 2*k - 786 - 109, 901 = 2*k - o. What are the prime factors of k?
2, 113
Let n(o) = o**2 + 7*o + 1. Let s be n(-7). Let q = 1 + s. Suppose -2*m - b - 4*b + 52 = 0, 0 = -q*m + b + 64. What are the prime factors of m?
31
Suppose 2*i + 19 = 3. Let h be (9 - -3)/((-6)/i). List the prime factors of ((-36)/h + -1)*-12.
3, 13
Suppose 3*g - 79 = -4. Let y = 19 - g. Let f = 13 - y. What are the prime factors of f?
19
Let n(k) = k**2 + 13*k + 9. Suppose 3*z + 5*p + 78 - 15 = 0, 3*p - 7 = z. List the prime factors of n(z).
3, 19
Let l = 2087 - -55. What are the prime factors of l?
2, 3, 7, 17
Let v = 29 - 24. Suppose 2*b = -v*c + 335, -194 = -4*c - 4*b + 62. Suppose 2*x = 7*x, -4*x - c = -3*h. What are the prime factors of h?
23
Suppose 3*g - 438 = -153. Suppose 6*a - g = 403. What are the prime factors of a?
83
Let w be (-6998)/(-10) - 9/(-45). What are the prime factors of w/((-2)/1)*17/(-34)?
5, 7
Suppose 2*c - 5*c = -4*c. Suppose 162 = v - c. What are the prime factors of v?
2, 3
Let t(g) = g**2 + g + 48. List the prime factors of t(12).
2, 3, 17
Suppose 2*o - 4*o = 2*d - 1836, 0 = 5*o + 4*d - 4586. What are the prime factors of o?
2, 457
Let x(y) be the third derivative of -y**4/12 + y**3/3 - 3*y**2. Let k be x(-3). List the prime factors of k/(-10) - 548/(-10).
2, 3
Let b be 3/(-9) - (-16)/3. Suppose -5*k + 5*d - 15 = 0, 2*k - d + 2 + 4 = 0. Let s = b - k. What are the prime factors of s?
2
Let s = -4 - -50. Suppose -2*k = -c + 3*c - 28, 3*k + 4*c - s = 0. What are the prime factors of (4/k)/(4/260)?
2, 13
Suppose 17*r - 56 = 19*r + 2*k, -r + 3*k = 16. Suppose -304 = f - 118. What are the prime factors of (-2 + r/(-15))*f?
2, 31
Let d(r) be the first derivative of -9*r + 4 - 5/2*r**2. What are the prime factors of d(-6)?
3, 7
List the prime factors of ((-30)/(-18) + -1)/((-2)/(-657)).
3, 73
Let x(g) = g**3 + 12*g**2 + 7*g + 14. Let u be x(-10). Suppose -2*o = -5*o + u. List the prime factors of o.
2, 3
Let w(b) = -b**3 + 4*b**2 - 4*b + 4. Let z be w(4). Let a = z - -11. What are the prime factors of 21 - (0 + a)*0?
3, 7
Suppose -4*x = -36 - 0. Suppose -3 = -3*z + 3*n + 30, 2*n = z - 14. Suppose -5*m + 4*p + 63 - x = 0, z = 2*p. What are the prime factors of m?
2, 7
Suppose -96 = 9*v - v. List the prime factors of v/(-10)*-4*470/(-12).
2, 47
Suppose 0 = -724*b + 727*b - 912. What are the prime factors of b?
2, 19
What are the prime factors of 597 - (-8)/(-72)*0?
3, 199
Let z(d) = 30*d**2 - 11*d - 26. What are the prime factors of z(-5)?
19, 41
Let r(m) = 2*m**3 - m**2 + m - 119. Let v be r(0). Let l = v - -171. What are the prime factors of l?
2, 13
Let x = -1065 - -3589. List the prime factors of x.
2, 631
Let h(d) = d**2 - 5*d - 9. Let n be ((-27)/15)/((-6)/20). Let q be h(n). Let b(c) = -20*c - 2. List the prime factors of b(q).
2, 29
Let f = 5529 - 2640. What are the prime factors of f?
3, 107
Suppose 0 = 10*s - 39 - 111. List the prime factors of s.
3, 5
Let k be 0 - -5 - (7 + -5). Let w(x) = -2 - 16*x**3 + x**2 + 8*x**3 + 6*x**k + 4*x**3. List the prime factors of w(2).
2, 3
Suppose 10*g - 88*g + 111462 = 0. What are the prime factors of g?
1429
Suppose -u - 6258 = -15*u. What are the prime factors of u?
3, 149
Suppose -3 - 1 = u, 0 = -3*w - 5*u + 1381. List the prime factors of w.
467
Let p(d) = -d**2 - 13*d - 14. List the prime factors of p(-3).
2
Let i(u) = 13*u**2 + u - 7*u**2 - 2*u**3 - 2*u + 1 - 4*u**2. Let z be i(-2). Let m = -7 + z. What are the prime factors of m?
2, 5
Let g = 534 - 281. Suppose g + 314 = 7*a. What are the prime factors of a?
3
Let l be (-24003)/161 - (-2)/23. Let f = -99 - l. List the prime factors of f.
2, 5
What are the prime factors of ((-252)/(-4))/(-3)*-7?
3, 7
Let o(t) = -29*t**3 + 2*t - 20. List the prime factors of o(-4).
2, 457
Suppose 0 = 16*h - 24061 - 49203. What are the prime factors of h?
19, 241
Let k be (-64)/(-20) - (1 - (-12)/(-15)). Let r be (-20)/(-2) - (2 + 0). Suppose -m + k*m - r = 0. What are the prime factors of m?
2
Suppose -l = -0*l + 7. Let g be (-7)/(l/(-2) + -4). Suppose -6 = -k - b, 4*k - k - g = -4*b. What are the prime factors of k?
2, 5
Let x = -3 + 2. Let f(w) = 18*w**3 - 4*w**2 + w + 3. Let s(j) = 71*j**3 - 18*j**2 + 5*j + 14. Let i(m) = -9*f(m) + 2*s(m). What are the prime factors of i(x)?
2, 5
Let l = 678 + -323. Let p be (-3)/(-4) + (-18)/24. Suppose o - l = -5*x - 0*o, p = 3*o. List the prime factors of x.
71
Let q(u) = u**2 - 3*u + 5. Let y be q(2). Suppose a + 0*a = 5*z - 598, 4*a - 368 = -y*z. List the prime factors of z.
2, 3, 5
Suppose 2*v + g - 1732 = 0, 743 + 981 = 2*v + 5*g. List the prime factors of v.
3, 17
Let q(j) = -j**3 - j**2 + 3*j + 320. List the prime factors of q(0).
2, 5
Suppose 1586 + 3498 = 2*i. List the prime factors of i.
2, 31, 41
Let s be ((-3)/(-9))/((-4)/(-84)). Let p(m) = 9*m**2 + 13 + m**2 - s*m - 3*m - m**3. What are the prime factors of p(9)?
2
List the prime factors of 12216/40 + (-3)/(-5).
2, 3, 17
Let y be ((-10)/(-8))/((-7)/(-28)). Suppose 7*m = y*m + 62. Suppose -4*h + 5*h - m = 0. What are the prime factors of h?
31
Let y be (9/(-18))/((-1)/10 + 0). Let z(p) = 21*p - 15. What are the prime factors of z(y)?
2, 3, 5
Suppose -72*b + 137046 = -30*b. What are the prime factors of b?
13, 251
Let p = -14 - -19. Let b = p - -15. List the prime factors of b.
2, 5
Let p = 426 - 102. What are the prime factors of p?
2, 3
Suppose -2410 = -2*t - k, 10*t - k - 4832 = 6*t. What are the prime factors of t?
17, 71
Suppose 2*x + 42 = -x. Let o = -201 - -221. Let j = x + o. What are the prime factors of j?
2, 3
Let j be 48/22 + (-20)/110. Suppose -7 = -m - 5*g, j*m + 2*g - 7*g = -1. Suppose 0*r + 2*r + 5*a - 70 = 0, -m*r + 66 = 4*a. What are the prime factors of r?
5
Let p(i) = -2*i**3 - i**2 + i. Let f be p(2). Let o = 26 - f. Suppose -2*n = 2*n - o. What are the prime factors of n?
11
What are the prime factors of (-137578)/(-248) + 2/(-8)*3?
2, 277
List the prime factors of (-3 + 2)/(((-4)/(-302))/(-2)).
151
Let k = -2 + 6. Let n(q) = 2*q**3 - 4*q**2 + 3*q. Let g be n(k). Let x = g + -54. List the prime factors of x.
2, 11
Suppose -5*c - 560 = -5*r, -2*c + 0*c = 3*r + 234. Let a = c - -167. What are the prime factors of a?
53
Let r = -2931 + 4983. List the prime factors of r.
2, 3, 19
Let r = 894 - 554. What are the prime factors of r?
2, 5, 17
Let g be (1/(-3) - 0)*6. Let o = g - 4. Let u(z) = -3*z - 9. What are the prime factors of u(o)?
3
What are the prime factors of 20/(3 - -1) + (-3 - -88)?
2, 3, 5
Let h(n) = 2*n**2 + 6*n - 3. Let o be h(-4). Suppose -5*q + 330 = 3*a, -6*q + 8*q + o*a - 151 = 0. What are the prime factors of q?
3, 7
What are the prime factors of (-1 - (-8)/12) + 1495/3?
2, 3, 83
Suppose f + 1 = u, -4*f - 12 = -2*u - 4. Let t be 1*(-3)/2*u. What are the prime factors of 2/t*(-276)/(-8)?
23
Suppose 10 = 4*v - 2. Let w be (-26 + -1)/(3/v). Let j = w - -39. What are the prime factors of j?
2, 3
Let v(h) = h**3 - 19*h**2 + 19*h